{"id":5597,"date":"2026-02-04T16:07:27","date_gmt":"2026-02-04T15:07:27","guid":{"rendered":"https:\/\/lesparge.fr\/?page_id=5597"},"modified":"2026-04-30T08:06:24","modified_gmt":"2026-04-30T06:06:24","slug":"agenda-2026-2","status":"publish","type":"page","link":"https:\/\/lesparge.fr\/index.php\/agenda-2026-2\/","title":{"rendered":"Agenda"},"content":{"rendered":"\t\t<div data-elementor-type=\"wp-post\" data-elementor-id=\"5597\" class=\"elementor elementor-5597\">\n\t\t\t\t\t\t<section class=\"elementor-section elementor-top-section elementor-element elementor-element-cf86e47 elementor-section-boxed elementor-section-height-default elementor-section-height-default\" data-id=\"cf86e47\" data-element_type=\"section\" data-e-type=\"section\" data-settings=\"{&quot;background_background&quot;:&quot;gradient&quot;}\">\n\t\t\t\t\t\t<div class=\"elementor-container elementor-column-gap-default\">\n\t\t\t\t\t<div class=\"elementor-column elementor-col-50 elementor-top-column elementor-element elementor-element-b6716d1\" data-id=\"b6716d1\" data-element_type=\"column\" data-e-type=\"column\">\n\t\t\t<div class=\"elementor-widget-wrap elementor-element-populated\">\n\t\t\t\t\t\t<div class=\"elementor-element elementor-element-cad4442 elementor-widget elementor-widget-spacer\" data-id=\"cad4442\" data-element_type=\"widget\" data-e-type=\"widget\" data-widget_type=\"spacer.default\">\n\t\t\t\t<div class=\"elementor-widget-container\">\n\t\t\t\t\t\t\t<div class=\"elementor-spacer\">\n\t\t\t<div class=\"elementor-spacer-inner\"><\/div>\n\t\t<\/div>\n\t\t\t\t\t\t<\/div>\n\t\t\t\t<\/div>\n\t\t\t\t<div class=\"elementor-element elementor-element-f405a9b center-mobile elementor-widget elementor-widget-heading\" data-id=\"f405a9b\" data-element_type=\"widget\" data-e-type=\"widget\" data-widget_type=\"heading.default\">\n\t\t\t\t<div class=\"elementor-widget-container\">\n\t\t\t\t\t<h2 class=\"elementor-heading-title elementor-size-default\">2026<\/h2>\t\t\t\t<\/div>\n\t\t\t\t<\/div>\n\t\t\t\t\t<\/div>\n\t\t<\/div>\n\t\t\t\t<div class=\"elementor-column elementor-col-50 elementor-top-column elementor-element elementor-element-ce17ca5\" data-id=\"ce17ca5\" data-element_type=\"column\" data-e-type=\"column\">\n\t\t\t<div class=\"elementor-widget-wrap elementor-element-populated\">\n\t\t\t\t\t\t<div class=\"elementor-element elementor-element-c746e1d elementor-widget elementor-widget-spacer\" data-id=\"c746e1d\" data-element_type=\"widget\" data-e-type=\"widget\" data-widget_type=\"spacer.default\">\n\t\t\t\t<div class=\"elementor-widget-container\">\n\t\t\t\t\t\t\t<div class=\"elementor-spacer\">\n\t\t\t<div class=\"elementor-spacer-inner\"><\/div>\n\t\t<\/div>\n\t\t\t\t\t\t<\/div>\n\t\t\t\t<\/div>\n\t\t\t\t<div class=\"elementor-element elementor-element-87383a5 elementor-widget elementor-widget-text-editor\" data-id=\"87383a5\" data-element_type=\"widget\" data-e-type=\"widget\" data-widget_type=\"text-editor.default\">\n\t\t\t\t<div class=\"elementor-widget-container\">\n\t\t\t\t\t\t\t\t\t<p style=\"padding-left: 40px;\">L\u2019atelier<strong> \u00ab\u00a0recherches g\u00e9n\u00e9alogiques\u00a0\u00bb<\/strong>\u00a0 aura lieu tous les premiers lundis du mois \u00e0 la Maison du site des \u00c9parges de 14h \u00e0 17h.\u00a0<\/p>\t\t\t\t\t\t\t\t<\/div>\n\t\t\t\t<\/div>\n\t\t\t\t<div class=\"elementor-element elementor-element-7215ed1 elementor-widget elementor-widget-text-editor\" data-id=\"7215ed1\" data-element_type=\"widget\" data-e-type=\"widget\" data-widget_type=\"text-editor.default\">\n\t\t\t\t<div class=\"elementor-widget-container\">\n\t\t\t\t\t\t\t\t\t<p style=\"text-align: left; padding-left: 40px;\">\u00a0Les ateliers<b> \u00ab\u00a0Destins crois\u00e9s de nos villages\u00a0\u00bb, <\/b>organisation de nos recherches et classement des collectes de documents, reprendront les jeudis apr\u00e8s-midi \u00e0 la Maison du site des \u00c9parges.<\/p><p style=\"text-align: left; padding-left: 40px;\">Toute personne d\u00e9sirant y participer peut rejoindre notre \u00e9quipe. \u00a0<\/p>\t\t\t\t\t\t\t\t<\/div>\n\t\t\t\t<\/div>\n\t\t\t\t<div class=\"elementor-element elementor-element-3684e21 center-mobile elementor-widget elementor-widget-heading\" data-id=\"3684e21\" data-element_type=\"widget\" data-e-type=\"widget\" data-widget_type=\"heading.default\">\n\t\t\t\t<div class=\"elementor-widget-container\">\n\t\t\t\t\t<h2 class=\"elementor-heading-title elementor-size-default\">F\u00e9vrier<\/h2>\t\t\t\t<\/div>\n\t\t\t\t<\/div>\n\t\t\t\t<div class=\"elementor-element elementor-element-348b243 elementor-widget-divider--view-line elementor-widget elementor-widget-divider\" data-id=\"348b243\" data-element_type=\"widget\" data-e-type=\"widget\" data-widget_type=\"divider.default\">\n\t\t\t\t<div class=\"elementor-widget-container\">\n\t\t\t\t\t\t\t<div class=\"elementor-divider\">\n\t\t\t<span class=\"elementor-divider-separator\">\n\t\t\t\t\t\t<\/span>\n\t\t<\/div>\n\t\t\t\t\t\t<\/div>\n\t\t\t\t<\/div>\n\t\t\t\t<div class=\"elementor-element elementor-element-99ba332 elementor-widget elementor-widget-text-editor\" data-id=\"99ba332\" data-element_type=\"widget\" data-e-type=\"widget\" data-widget_type=\"text-editor.default\">\n\t\t\t\t<div class=\"elementor-widget-container\">\n\t\t\t\t\t\t\t\t\t<p style=\"padding-left: 40px;\">\u00a0<b>19 <\/b>: r\u00e9-ouverture de la Maison du site des \u00c9parges (horaires habituels 14h-17h)<\/p>\t\t\t\t\t\t\t\t<\/div>\n\t\t\t\t<\/div>\n\t\t\t\t<div class=\"elementor-element elementor-element-99db7ea center-mobile elementor-widget elementor-widget-heading\" data-id=\"99db7ea\" data-element_type=\"widget\" data-e-type=\"widget\" data-widget_type=\"heading.default\">\n\t\t\t\t<div class=\"elementor-widget-container\">\n\t\t\t\t\t<h2 class=\"elementor-heading-title elementor-size-default\">Mars<\/h2>\t\t\t\t<\/div>\n\t\t\t\t<\/div>\n\t\t\t\t<div class=\"elementor-element elementor-element-5013764 elementor-widget-divider--view-line elementor-widget elementor-widget-divider\" data-id=\"5013764\" data-element_type=\"widget\" data-e-type=\"widget\" data-widget_type=\"divider.default\">\n\t\t\t\t<div class=\"elementor-widget-container\">\n\t\t\t\t\t\t\t<div class=\"elementor-divider\">\n\t\t\t<span class=\"elementor-divider-separator\">\n\t\t\t\t\t\t<\/span>\n\t\t<\/div>\n\t\t\t\t\t\t<\/div>\n\t\t\t\t<\/div>\n\t\t\t\t<div class=\"elementor-element elementor-element-e560419 elementor-widget elementor-widget-text-editor\" data-id=\"e560419\" data-element_type=\"widget\" data-e-type=\"widget\" data-widget_type=\"text-editor.default\">\n\t\t\t\t<div class=\"elementor-widget-container\">\n\t\t\t\t\t\t\t\t\t<p style=\"padding-left: 40px;\"><b>Lundi 2 mars : <\/b>atelier g\u00e9n\u00e9alogie avec Claudine \u00e0 la Maison du site des \u00c9parges (14h-17h)<\/p>\t\t\t\t\t\t\t\t<\/div>\n\t\t\t\t<\/div>\n\t\t\t\t<div class=\"elementor-element elementor-element-8afc4f1 center-mobile elementor-widget elementor-widget-heading\" data-id=\"8afc4f1\" data-element_type=\"widget\" data-e-type=\"widget\" data-widget_type=\"heading.default\">\n\t\t\t\t<div class=\"elementor-widget-container\">\n\t\t\t\t\t<h2 class=\"elementor-heading-title elementor-size-default\">Avril<\/h2>\t\t\t\t<\/div>\n\t\t\t\t<\/div>\n\t\t\t\t<div class=\"elementor-element elementor-element-3dbf876 elementor-widget-divider--view-line elementor-widget elementor-widget-divider\" data-id=\"3dbf876\" data-element_type=\"widget\" data-e-type=\"widget\" data-widget_type=\"divider.default\">\n\t\t\t\t<div class=\"elementor-widget-container\">\n\t\t\t\t\t\t\t<div class=\"elementor-divider\">\n\t\t\t<span class=\"elementor-divider-separator\">\n\t\t\t\t\t\t<\/span>\n\t\t<\/div>\n\t\t\t\t\t\t<\/div>\n\t\t\t\t<\/div>\n\t\t\t\t<div class=\"elementor-element elementor-element-b721730 elementor-widget elementor-widget-text-editor\" data-id=\"b721730\" data-element_type=\"widget\" data-e-type=\"widget\" data-widget_type=\"text-editor.default\">\n\t\t\t\t<div class=\"elementor-widget-container\">\n\t\t\t\t\t\t\t\t\t<p style=\"padding-left: 40px;\"><b>Mardi 7 avril <\/b><b>: <\/b>marche-m\u00e9moire \u00ab\u00a0Le PC Saint-Robert et le cimeti\u00e8re de Marquenterre\u00a0\u00bb.<\/p><p style=\"padding-left: 40px;\">Environ 11km &#8211; D\u00e9part d\u2019Haudiomont \u00e0 13h45 &#8211; dur\u00e9e : 3h30.<\/p><p style=\"padding-left: 40px;\">Malgr\u00e9 la disparition des vestiges visibles, cette marche nous emm\u00e8ne sur le secteur de l\u2019arri\u00e8re-front de la Calonne o\u00f9 se situait la logistique de guerre de l\u2019\u00e9poque.<\/p><p style=\"padding-left: 40px;\">S\u2019inscrire aupr\u00e8s de Bernard au 06 18 25 34 03<\/p>\t\t\t\t\t\t\t\t<\/div>\n\t\t\t\t<\/div>\n\t\t\t\t<div class=\"elementor-element elementor-element-3b19213 center-mobile elementor-widget elementor-widget-heading\" data-id=\"3b19213\" data-element_type=\"widget\" data-e-type=\"widget\" data-widget_type=\"heading.default\">\n\t\t\t\t<div class=\"elementor-widget-container\">\n\t\t\t\t\t<h2 class=\"elementor-heading-title elementor-size-default\">Mai<\/h2>\t\t\t\t<\/div>\n\t\t\t\t<\/div>\n\t\t\t\t<div class=\"elementor-element elementor-element-5673a9b elementor-widget-divider--view-line elementor-widget elementor-widget-divider\" data-id=\"5673a9b\" data-element_type=\"widget\" data-e-type=\"widget\" data-widget_type=\"divider.default\">\n\t\t\t\t<div class=\"elementor-widget-container\">\n\t\t\t\t\t\t\t<div class=\"elementor-divider\">\n\t\t\t<span class=\"elementor-divider-separator\">\n\t\t\t\t\t\t<\/span>\n\t\t<\/div>\n\t\t\t\t\t\t<\/div>\n\t\t\t\t<\/div>\n\t\t\t\t<div class=\"elementor-element elementor-element-8c9930f elementor-widget elementor-widget-text-editor\" data-id=\"8c9930f\" data-element_type=\"widget\" data-e-type=\"widget\" data-widget_type=\"text-editor.default\">\n\t\t\t\t<div class=\"elementor-widget-container\">\n\t\t\t\t\t\t\t\t\t<p style=\"padding-left: 40px;\"><b>* Mardi 5 mai : <\/b>\u00ab\u00a0Lettres aux \u00c9parges\u00a0\u00bb &#8211; \u00e9vocation artistique et historique pour les enfants de l\u2019\u00e9cole de Fresnes avec Blandine Baudrillart, Nicolas Czubak et Mme Ravelli. RDV \u00e0 9h30 \u00e0 la n\u00e9cropole du Trottoir.<\/p><p>\u00a0<\/p><p style=\"padding-left: 40px;\"><b>* Samedi 9 mai <\/b><b>: <\/b>conf\u00e9rence de Thierry Venayre\u00a0<\/p><p style=\"padding-left: 40px;\"><b><i>\u00ab Les Nations boulevers\u00e9es \u00bb &#8211; patrimoine mondial de la Grande Guerre.<\/i><\/b><\/p><p style=\"padding-left: 40px;\"><i><span class=\"Apple-converted-space\">\u00a0 <\/span><\/i>Un sujet fort int\u00e9ressant et rarement trait\u00e9 !<\/p><p style=\"padding-left: 40px;\"><i>\u00ab\u00a0Comme pour les hommes qui ont travers\u00e9 la Grande Guerre, des Nations conna\u00eetront un bouleversement de leur destin. \u00c0 travers la visite de certains sites de la Grande Guerre inscrits au Patrimoine Mondial de L&rsquo;Unesco, nous allons d\u00e9couvrir combien, \u00e0 l&rsquo;instar des Gueules Cass\u00e9es, des Nations sont ressorties de quatre ann\u00e9es de guerre, transform\u00e9es, d\u00e9figur\u00e9es, boulevers\u00e9es.\u00a0<\/i><\/p><p style=\"padding-left: 40px;\"><i>De la naissance de la Tch\u00e9coslovaquie \u00e0 la mort de la Russie.<\/i><\/p><p style=\"padding-left: 40px;\"><i>De l&rsquo;espoir de l&rsquo;Irlande \u00e0 l&rsquo;\u00e9chec pour la Chine.<\/i><\/p><p style=\"padding-left: 40px;\"><i>De la trahison de la Roumanie \u00e0 l&rsquo;union du Danemark.<\/i><\/p><p style=\"padding-left: 40px;\"><i>Un monde nouveau va na\u00eetre, inimaginable en 1914, incontr\u00f4lable apr\u00e8s 1918.<\/i><\/p><p style=\"padding-left: 40px;\"><i>Les cicatrices du front Ouest auront marqu\u00e9, \u00e0 jamais, l&rsquo;avenir du monde\u00a0\u00bb.<\/i> <i>Thierry Venayre<\/i><\/p><p style=\"padding-left: 40px;\">Horaire : 14h30 \u00e0 la salle \u00ab le Barboux \u00bb, \u00a0Entr\u00e9e : 5\u20ac (adultes)<\/p><p>\u00a0<\/p><p style=\"padding-left: 40px;\"><b>* Mardi 12 mai <\/b><b>:<\/b><b> <\/b>marche-m\u00e9moire \u00ab\u00a0La Selouse et les Petites Hayes\u00a0\u00bb &#8211; D\u00e9part : Dompierre-aux-Bois \u00e0 13h45 &#8211; 12 km &#8211; dur\u00e9e 3h30 &#8211; Une marche entre les lignes ennemies au-dessus de Seuzey. Le trac\u00e9 permet d\u2019observer la premi\u00e8re ligne allemande dans le bois des Petites Hayes faisant face \u00e0 la premi\u00e8re ligne fran\u00e7aise dans le bois de la Selouse. A voir : la n\u00e9cropole de Lamorville. S\u2019inscrire aupr\u00e8s de <b>Bernard <\/b>au<b> 06.18.25.34.03<\/b>.<\/p><p>\u00a0<\/p><p style=\"padding-left: 40px;\"><b>* Lundi de Pentec\u00f4te le 25 mai <\/b><b>: <\/b>c\u00e9r\u00e9monie au Point X \u00e0 la m\u00e9moire de \u00ab\u00a0Ceux qui n\u2019ont pas de tombe\u00a0\u00bb. Messe \u00e0 10h au Pt X (c\u00e9l\u00e9br\u00e9e par M. l\u2019abb\u00e9 Rousseau) puis jet de fleurs dans l\u2019entonnoir et vin d\u2019honneur \u00e0 \u00ab\u00a0l\u2019\u00a0Espace Maurice Genevoix\u00a0\u00bb aux \u00c9parges.<\/p>\t\t\t\t\t\t\t\t<\/div>\n\t\t\t\t<\/div>\n\t\t\t\t<div class=\"elementor-element elementor-element-b00add4 center-mobile elementor-widget elementor-widget-heading\" data-id=\"b00add4\" data-element_type=\"widget\" data-e-type=\"widget\" data-widget_type=\"heading.default\">\n\t\t\t\t<div class=\"elementor-widget-container\">\n\t\t\t\t\t<h2 class=\"elementor-heading-title elementor-size-default\">JUIN<\/h2>\t\t\t\t<\/div>\n\t\t\t\t<\/div>\n\t\t\t\t<div class=\"elementor-element elementor-element-4fced93 elementor-widget-divider--view-line elementor-widget elementor-widget-divider\" data-id=\"4fced93\" data-element_type=\"widget\" data-e-type=\"widget\" data-widget_type=\"divider.default\">\n\t\t\t\t<div class=\"elementor-widget-container\">\n\t\t\t\t\t\t\t<div class=\"elementor-divider\">\n\t\t\t<span class=\"elementor-divider-separator\">\n\t\t\t\t\t\t<\/span>\n\t\t<\/div>\n\t\t\t\t\t\t<\/div>\n\t\t\t\t<\/div>\n\t\t\t\t<div class=\"elementor-element elementor-element-84fd79f elementor-widget elementor-widget-text-editor\" data-id=\"84fd79f\" data-element_type=\"widget\" data-e-type=\"widget\" data-widget_type=\"text-editor.default\">\n\t\t\t\t<div class=\"elementor-widget-container\">\n\t\t\t\t\t\t\t\t\t<p style=\"padding-left: 40px;\"><b>* Jeudi 4 juin <\/b><b>: <\/b>circuit D.Donzelli, RDV \u00e0 9h devant l\u2019\u00e9glise de Maizey. Puis visite des \u00e9glises de Rouvrois, Spada, Lamorville et Chaillons. Repas au restaurant \u00ab Le coup de Koeur \u00bb (\u00e0 Koeur-la-Petite) &#8211; menu \u00e0 21\u20ac (lasagnes + dessert &#8211; boisson non comprise). Puis visite des \u00e9glises de Koeur-la-Grande, Apremont-la-For\u00eat et M\u00e9crin.\u00a0<\/p><p style=\"padding-left: 40px;\">S\u2019inscrire aupr\u00e8s de <b>Claudine<\/b> au <b>09.63.67.14.92 <\/b>avant le 25 mai. Les d\u00e9placements se font en individuel ou en co-voiturage. Prix de la visite pour L\u2019Esparge : 10\u20ac\/pers.<\/p><p>\u00a0<\/p><p style=\"padding-left: 40px;\"><b>\u00a0* Mardi 9 juin <\/b><b>: <\/b>marche-m\u00e9moire \u00ab\u00a0Mouilly et Maurice Genevoix \u00e0 la Calonne\u00a0\u00bb. D\u00e9part : Les \u00c9parges \u00e0 13h45 &#8211;<\/p><p style=\"padding-left: 40px;\">Distance 13 km &#8211; Nous marcherons dans les pas de l\u2019\u00e9crivain combattant. Apr\u00e8s avoir rejoint Mouilly, nous suivrons l\u2019itin\u00e9raire du 106\u00e8 RI arrivant sur les Hauts de Meuse apr\u00e8s la bataille de la Vaux-Marie. Le r\u00e9cit vous fera revivre l\u2019ambiance de ce village aux portes du front, ainsi que le premier combat de Genevoix sur la Calonne le 24 septembre 1914. S\u2019inscrire aupr\u00e8s de Bernard.<\/p><p>\u00a0<\/p><p style=\"padding-left: 40px;\"><b>* Samedi 20 juin : <\/b>Sortie-\u00e9tude avec Nicolas <span class=\"Apple-converted-space\">\u00a0 \u00a0 \u00a0 <\/span>Czubak sur le th\u00e8me des derni\u00e8res offensives allemandes des 23 juin et 20 juillet 1916. Circuit englobant Fleury, Froideterre et Souville. (Sortie r\u00e9serv\u00e9e aux adh\u00e9rents de L\u2019Esparge). RDV \u00e0 9h sur le parking du M\u00e9morial de Verdun.<span class=\"Apple-converted-space\">\u00a0 \u00a0<\/span><\/p><p style=\"padding-left: 40px;\">S\u2019inscrire aupr\u00e8s de Claudine.<\/p><p>\u00a0<\/p><p style=\"padding-left: 40px;\"><b>* Samedi 27 juin <\/b><b>: <\/b>barbecue de L\u2019Esparge. Comme d\u2019habitude, ce rendez-vous festif est une occasion de nous retrouver avant les vacances. RDV \u00e0 midi \u00e0 la salle des f\u00eates des \u00c9parges. Prix du repas : 22\u20ac\/pers. S\u2019inscrire aupr\u00e8s de Claudine avant le 20 juin.<\/p>\t\t\t\t\t\t\t\t<\/div>\n\t\t\t\t<\/div>\n\t\t\t\t<div class=\"elementor-element elementor-element-a036796 center-mobile elementor-widget elementor-widget-heading\" data-id=\"a036796\" data-element_type=\"widget\" data-e-type=\"widget\" data-widget_type=\"heading.default\">\n\t\t\t\t<div class=\"elementor-widget-container\">\n\t\t\t\t\t<h2 class=\"elementor-heading-title elementor-size-default\">ao\u00fbt<\/h2>\t\t\t\t<\/div>\n\t\t\t\t<\/div>\n\t\t\t\t<div class=\"elementor-element elementor-element-81fa8f0 elementor-widget-divider--view-line elementor-widget elementor-widget-divider\" data-id=\"81fa8f0\" data-element_type=\"widget\" data-e-type=\"widget\" data-widget_type=\"divider.default\">\n\t\t\t\t<div class=\"elementor-widget-container\">\n\t\t\t\t\t\t\t<div class=\"elementor-divider\">\n\t\t\t<span class=\"elementor-divider-separator\">\n\t\t\t\t\t\t<\/span>\n\t\t<\/div>\n\t\t\t\t\t\t<\/div>\n\t\t\t\t<\/div>\n\t\t\t\t<div class=\"elementor-element elementor-element-d15c967 elementor-widget elementor-widget-text-editor\" data-id=\"d15c967\" data-element_type=\"widget\" data-e-type=\"widget\" data-widget_type=\"text-editor.default\">\n\t\t\t\t<div class=\"elementor-widget-container\">\n\t\t\t\t\t\t\t\t\t<p style=\"padding-left: 40px;\"><b>* Lundi 3 ao\u00fbt <\/b><b>: <\/b>visite du ch\u00e2teau d\u2019Hannoncelles &#8211; maison forte de style Renaissance.<span class=\"Apple-converted-space\"> \u00a0<\/span>(en exclusivit\u00e9 pour les adh\u00e9rents de L\u2019Esparge).<\/p><p style=\"padding-left: 40px;\"><span class=\"Apple-converted-space\">\u00a0<\/span>La visite est gratuite. (25 pers. max.) Nous serons<span class=\"Apple-converted-space\">\u00a0 \u00a0 <\/span>accueillis par les membres de la famille de Courcelles. S\u2019inscrire aupr\u00e8s de Claudine avant le 27 juillet.<span class=\"Apple-converted-space\">\u00a0<\/span><\/p><p style=\"padding-left: 40px;\">RDV \u00e0 15h30 devant le ch\u00e2teau (barri\u00e8re noire). Dur\u00e9e 2h avec visite en ext\u00e9rieur puis visite de la chapelle. A l\u2019issue, un go\u00fbter sera offert par L\u2019Esparge.<\/p>\t\t\t\t\t\t\t\t<\/div>\n\t\t\t\t<\/div>\n\t\t\t\t<div class=\"elementor-element elementor-element-197af06 elementor-widget elementor-widget-spacer\" data-id=\"197af06\" data-element_type=\"widget\" data-e-type=\"widget\" data-widget_type=\"spacer.default\">\n\t\t\t\t<div class=\"elementor-widget-container\">\n\t\t\t\t\t\t\t<div class=\"elementor-spacer\">\n\t\t\t<div class=\"elementor-spacer-inner\"><\/div>\n\t\t<\/div>\n\t\t\t\t\t\t<\/div>\n\t\t\t\t<\/div>\n\t\t\t\t\t<\/div>\n\t\t<\/div>\n\t\t\t\t\t<\/div>\n\t\t<\/section>\n\t\t\t\t<\/div>\n\t\t","protected":false},"excerpt":{"rendered":"<p>2026 L\u2019atelier \u00ab\u00a0recherches g\u00e9n\u00e9alogiques\u00a0\u00bb\u00a0 aura lieu tous les premiers lundis du mois \u00e0 la Maison du site des \u00c9parges de 14h \u00e0 17h.\u00a0 \u00a0Les ateliers \u00ab\u00a0Destins crois\u00e9s de nos villages\u00a0\u00bb, organisation de nos recherches et classement des collectes de documents, reprendront les jeudis apr\u00e8s-midi \u00e0 la Maison du site des \u00c9parges. Toute personne d\u00e9sirant y [&hellip;]<\/p>\n","protected":false},"author":1,"featured_media":0,"parent":0,"menu_order":0,"comment_status":"closed","ping_status":"closed","template":"","meta":{"ocean_post_layout":"full-screen","ocean_both_sidebars_style":"","ocean_both_sidebars_content_width":0,"ocean_both_sidebars_sidebars_width":0,"ocean_sidebar":"0","ocean_second_sidebar":"0","ocean_disable_margins":"on","ocean_add_body_class":"","ocean_shortcode_before_top_bar":"","ocean_shortcode_after_top_bar":"","ocean_shortcode_before_header":"","ocean_shortcode_after_header":"","ocean_has_shortcode":"","ocean_shortcode_after_title":"","ocean_shortcode_before_footer_widgets":"","ocean_shortcode_after_footer_widgets":"","ocean_shortcode_before_footer_bottom":"","ocean_shortcode_after_footer_bottom":"","ocean_display_top_bar":"default","ocean_display_header":"default","ocean_header_style":"","ocean_center_header_left_menu":"0","ocean_custom_header_template":"0","ocean_custom_logo":0,"ocean_custom_retina_logo":0,"ocean_custom_logo_max_width":0,"ocean_custom_logo_tablet_max_width":0,"ocean_custom_logo_mobile_max_width":0,"ocean_custom_logo_max_height":0,"ocean_custom_logo_tablet_max_height":0,"ocean_custom_logo_mobile_max_height":0,"ocean_header_custom_menu":"0","ocean_menu_typo_font_family":"0","ocean_menu_typo_font_subset":"","ocean_menu_typo_font_size":0,"ocean_menu_typo_font_size_tablet":0,"ocean_menu_typo_font_size_mobile":0,"ocean_menu_typo_font_size_unit":"px","ocean_menu_typo_font_weight":"","ocean_menu_typo_font_weight_tablet":"","ocean_menu_typo_font_weight_mobile":"","ocean_menu_typo_transform":"","ocean_menu_typo_transform_tablet":"","ocean_menu_typo_transform_mobile":"","ocean_menu_typo_line_height":0,"ocean_menu_typo_line_height_tablet":0,"ocean_menu_typo_line_height_mobile":0,"ocean_menu_typo_line_height_unit":"","ocean_menu_typo_spacing":0,"ocean_menu_typo_spacing_tablet":0,"ocean_menu_typo_spacing_mobile":0,"ocean_menu_typo_spacing_unit":"","ocean_menu_link_color":"","ocean_menu_link_color_hover":"","ocean_menu_link_color_active":"","ocean_menu_link_background":"","ocean_menu_link_hover_background":"","ocean_menu_link_active_background":"","ocean_menu_social_links_bg":"","ocean_menu_social_hover_links_bg":"","ocean_menu_social_links_color":"","ocean_menu_social_hover_links_color":"","ocean_disable_title":"default","ocean_disable_heading":"default","ocean_post_title":"","ocean_post_subheading":"","ocean_post_title_style":"background-image","ocean_post_title_background_color":"","ocean_post_title_background":743,"ocean_post_title_bg_image_position":"center center","ocean_post_title_bg_image_attachment":"","ocean_post_title_bg_image_repeat":"","ocean_post_title_bg_image_size":"","ocean_post_title_height":0,"ocean_post_title_bg_overlay":0.5,"ocean_post_title_bg_overlay_color":"","ocean_disable_breadcrumbs":"default","ocean_breadcrumbs_color":"","ocean_breadcrumbs_separator_color":"","ocean_breadcrumbs_links_color":"","ocean_breadcrumbs_links_hover_color":"","ocean_display_footer_widgets":"default","ocean_display_footer_bottom":"default","ocean_custom_footer_template":"0","footnotes":""},"class_list":["post-5597","page","type-page","status-publish","hentry","entry"],"_links":{"self":[{"href":"https:\/\/lesparge.fr\/index.php\/wp-json\/wp\/v2\/pages\/5597","targetHints":{"allow":["GET"]}}],"collection":[{"href":"https:\/\/lesparge.fr\/index.php\/wp-json\/wp\/v2\/pages"}],"about":[{"href":"https:\/\/lesparge.fr\/index.php\/wp-json\/wp\/v2\/types\/page"}],"author":[{"embeddable":true,"href":"https:\/\/lesparge.fr\/index.php\/wp-json\/wp\/v2\/users\/1"}],"replies":[{"embeddable":true,"href":"https:\/\/lesparge.fr\/index.php\/wp-json\/wp\/v2\/comments?post=5597"}],"version-history":[{"count":31,"href":"https:\/\/lesparge.fr\/index.php\/wp-json\/wp\/v2\/pages\/5597\/revisions"}],"predecessor-version":[{"id":5702,"href":"https:\/\/lesparge.fr\/index.php\/wp-json\/wp\/v2\/pages\/5597\/revisions\/5702"}],"wp:attachment":[{"href":"https:\/\/lesparge.fr\/index.php\/wp-json\/wp\/v2\/media?parent=5597"}],"curies":[{"name":"wp","href":"https:\/\/api.w.org\/{rel}","templated":true}]}}